) = 685*v + 71610. Determine i(-103).
1055
Let b(h) = -h**2 - 35010*h + 1191485. Give b(34).
-11
Let r(c) = -c**3 + 31*c**2 - 135*c - 73. Determine r(28).
-1501
Let x(o) = 3*o**3 + 2*o**2 + 16*o - 9. Give x(-3).
-120
Let f(h) = -3*h**3 - 32*h**2 - 37*h - 150. Determine f(-12).
870
Let q(c) = -c**3 - 918*c**2 + 3703*c - 22. What is q(4)?
38
Let z(o) = 7*o**2 + 12327*o - 5. Calculate z(0).
-5
Let g(w) = -6898*w - 455248. Calculate g(-66).
20
Let s(z) = -z**2 - 26267*z - 498690. Give s(-19).
22
Let d(r) = -r**3 - 19*r**2 - 56*r - 3382. What is d(-23)?
22
Let r(a) = -a**2 + 14*a + 149027. Determine r(-379).
80
Let y(k) = -k**2 + 59*k + 1145. Calculate y(58).
1203
Let y(f) = 1543*f + 3180. Calculate y(-5).
-4535
Let y(l) = -139722*l - 279448. Determine y(-2).
-4
Let n(l) = 230*l**2 + 8983*l - 97. Determine n(-39).
-604
Let g(r) = -20*r**3 - 2819*r**2 + 2984*r + 290. Calculate g(-142).
6
Let w(d) = 2*d**2 - 124*d - 3539. What is w(83)?
-53
Let g(n) = 1311*n**2 + 11434*n - 16763. What is g(-10)?
-3
Let m(d) = -d**3 + 82*d**2 - 27*d + 2271. Calculate m(82).
57
Let z(d) = -d**2 + 367*d + 16273. Determine z(407).
-7
Let h(s) = 25*s**3 - 10*s**2 + 74*s - 264. Determine h(5).
2981
Let z(v) = v**2 - 164*v + 4869. Determine z(100).
-1531
Let k(c) = 1481*c - 3358. What is k(2)?
-396
Let k(j) = -386*j + 14510. Determine k(37).
228
Let q(f) = f**2 - 579*f + 14317. Determine q(26).
-61
Let t(g) = 3*g**2 - 473*g - 5141. What is t(-11)?
425
Let w(q) = -2*q**2 + 98*q + 18201. Calculate w(123).
-3
Let y(h) = h**2 - 274*h - 8166. Calculate y(-27).
-39
Let g(n) = -1434*n + 184991. Calculate g(129).
5
Let a(r) = 2*r**3 + 236*r**2 - 239*r + 14. Determine a(-119).
133
Let f(p) = -2111*p - 922506. Calculate f(-437).
1
Let o(l) = -9558*l - 2437292. Calculate o(-255).
-2
Let y(d) = -3*d**3 - 532*d**2 + 906*d + 1491. What is y(-179)?
-478
Let g(f) = 4*f**3 + 13*f**2 + 168*f + 703. What is g(-4)?
-17
Let z(b) = -13*b**3 - 92*b**2 + 557*b - 46. What is z(-11)?
-2
Let s(z) = -z**2 - 213*z + 9188. Determine s(48).
-3340
Let i(n) = -n**3 - 98*n**2 + 1581*n + 43. Calculate i(14).
225
Let m(n) = -11406*n + 102648. Calculate m(9).
-6
Let n(u) = -2*u**3 - 147*u**2 + 3559*u + 257900. Calculate n(-74).
10
Let z(t) = -37*t**3 - 2885*t**2 + 57*t - 1627. Determine z(-78).
11
Let o(b) = -b**3 + 4*b**2 + 164*b - 1047. Give o(7).
-46
Let p(g) = -g**2 - 2961*g + 14839. Calculate p(5).
9
Let k(w) = w**3 + 16*w**2 + 1999*w + 23441. Calculate k(-12).
29
Let n(x) = x**3 + 41*x**2 - 59*x - 826. What is n(-42)?
-112
Let b(t) = 3*t**3 + 49*t**2 + 82*t + 608. Calculate b(-16).
-448
Let g(t) = -t**3 + 65*t**2 + 560*t - 181. Determine g(-8).
11
Let h(j) = 59*j**2 - 2511*j + 2476. What is h(1)?
24
Let a(v) = 15*v**3 - 15*v**2 - 32*v + 35. Calculate a(-4).
-1037
Let j(f) = f**3 - 88*f**2 + 121*f - 3156. Calculate j(87).
-198
Let h(y) = 8*y**2 - 79*y + 266. Determine h(0).
266
Let j(x) = 2575*x + 28371. Determine j(-11).
46
Let h(n) = -1509*n - 92684. What is h(-60)?
-2144
Let t(x) = x**3 - 34*x**2 + 90*x + 64. Determine t(30).
-836
Let n(r) = 5683*r + 255726. Give n(-45).
-9
Let f(h) = h**3 + 78*h**2 - 90*h - 6967. Give f(-78).
53
Let n(q) = -4573*q**2 - 36575*q + 66. What is n(-8)?
-6
Let x(j) = 2*j**2 - 7749*j - 187121. Give x(-24).
7
Let n(s) = 186339*s - 745350. Calculate n(4).
6
Let m(n) = -38*n**3 + 8*n**2 + 89*n + 347. Give m(-4).
2551
Let t(b) = -25*b**2 + 1331*b + 1030. Give t(54).
4
Let n(y) = -5553*y + 127852. Calculate n(23).
133
Let y(t) = -4688*t + 1064616. Calculate y(227).
440
Let b(c) = 27*c**3 - 36556*c**2 - 73109*c + 1. What is b(-2)?
-221
Let o(d) = 22*d**3 - 503*d**2 - 90*d + 438. Give o(23).
-45
Let s(d) = 3*d**2 + 179*d + 1469. Determine s(-56).
853
Let h(a) = -20*a**2 - 3452*a - 6842. Determine h(-2).
-18
Let j(w) = -3*w**2 + 119*w - 1128. Determine j(10).
-238
Let o(z) = 19*z - 4355. Calculate o(218).
-213
Let t(q) = 3661*q - 44545. Calculate t(12).
-613
Let j(m) = -17*m**2 - 657*m - 1044. Determine j(-37).
-8
Let c(y) = 6*y**3 + 115*y**2 + 31*y - 35. Calculate c(-19).
-263
Let h(f) = 586*f + 15794. Calculate h(-27).
-28
Let s(y) = -7*y**2 + 830*y - 10637. Give s(104).
-29
Let m(s) = s**3 + 119*s**2 + 1560*s - 15. Determine m(-104).
-15
Let p(c) = -18*c**2 + 917*c + 2780. Give p(-3).
-133
Let k(j) = 157006*j - 785201. Calculate k(5).
-171
Let s(m) = -m**2 - 1961*m + 63643. What is s(32)?
-133
Let t(l) = -686*l + 5785. What is t(9)?
-389
Let t(z) = 3*z**3 - 7*z**2 - 62*z + 99. Determine t(0).
99
Let z(b) = -921*b**2 + 55259*b + 59. Calculate z(60).
-1
Let b(h) = -82399*h**2 + 659196*h - 31. Calculate b(8).
1
Let n(f) = -f**3 + 46*f**2 - 450*f - 22. Give n(27).
1679
Let o(t) = 38251*t - 267751. What is o(7)?
6
Let d(w) = 18*w**2 - 469*w - 2649. Calculate d(-5).
146
Let o(x) = x**3 + 13*x**2 + 10*x - 93. Give o(-7).
131
Let g(n) = -2*n**3 + 46*n**2 + 955*n + 49. Calculate g(-13).
-198
Let z(n) = -8*n**2 + 288*n + 745. Determine z(41).
-895
Let a(l) = -l**2 + 22262*l + 914409. What is a(-41)?
-14
Let v(z) = 59148*z + 709836. What is v(-12)?
60
Let u(g) = -5*g**2 - 833*g - 10. Give u(2).
-1696
Let x(y) = 28*y**2 - 154*y - 16942. Determine x(-22).
-2
Let x(i) = 53153*i + 425203. Calculate x(-8).
-21
Let h(y) = y**3 - 126*y**2 + 12*y - 34314. Calculate h(128).
-10
Let w(q) = -1216*q - 14483. Calculate w(-12).
109
Let s(c) = -4*c**2 - 20202*c + 80816. What is s(4)?
-56
Let q(g) = 220985*g - 1104925. What is q(5)?
0
Let n(c) = -28*c**3 + 204*c**2 - 391*c - 30. Calculate n(2).
-220
Let g(y) = y**3 + 188*y**2 - 3264*y - 244. What is g(-204)?
-244
Let k(t) = 9863*t + 256423. Give k(-26).
-15
Let d(u) = -661*u - 103774. Calculate d(-157).
3
Let k(s) = -19*s**2 - 1965*s - 15646. Calculate k(-8).
-1142
Let c(t) = 798135*t - 23. What is c(0)?
-23
Let n(j) = -j**3 + 1318*j**2 - 5408*j + 199733. Give n(1314).
5
Let h(l) = -2*l**2 + 386*l - 8281. Calculate h(28).
959
Let f(g) = g**2 + 474*g + 54370. Determine f(-279).
-35
Let g(s) = -910*s**2 + 221*s - 506. Determine g(2).
-3704
Let j(u) = u**3 - 7*u**2 + u + 672. Determine j(-7).
-21
Let i(z) = -2*z**2 - 122*z + 6122. Determine i(-94).
-82
Let n(t) = -10*t**2 + 282*t - 1751. What is n(19)?
-3
Let c(z) = -z**2 - 2118*z - 66696. Calculate c(-32).
56
Let q(o) = -222*o + 881. Determine q(7).
-673
Let d(k) = -5*k**3 + 163*k**2 + 247*k - 289. Determine d(34).
17
Let l(i) = 4501*i - 139566. Give l(31).
-35
Let x(b) = 2677*b + 716. Give x(0).
716
Let x(w) = -792*w + 16743. What is x(20)?
903
Let q(t) = 2*t**3 + 79*t**2 + 296*t + 8409. What is q(-40)?
-5031
Let r(a) = 9*a**2 - 161*a + 718. What is r(11)?
36
Let r(s) = -2*s**3 - 68*s**2 + 7329*s + 1401. Calculate r(46).
-25
Let w(s) = -44*s**2 + 7331*s - 62420. Calculate w(9).
-5
Let y(g) = -g**3 + 134*g**2 + 1204*g + 11948. Calculate y(143).
79
Let k(w) = 5*w**2 - 1279*w - 13285. What is k(-10)?
5
Let o(a) = -2*a**3 - 144*a**2 - 529*a - 38081. Calculate o(-72).
7
Let r(o) = -2*o**3 + 31*o**2 - 151*o - 175. Determine r(5).
-405
Let v(m) = m**3 - 273*m**2 + 2629*m + 684. What is v(263)?
421
Let o(y) = -899*y + 11312. Give o(16).
-3072
Let v(g) = -29*g**2 - 9*g - 32. Give v(-3).
-266
Let u(a) = a**3 + 14*a**2 + 100*a + 476. Calculate u(-7).
119
Let o(k) = -k**2 + 104*k - 2235. Give o(31).
28
Let r(g) = -g**3 + g**2 + g + 280. Calculate r(0).
280
Let i(t) = -2*t**3 - 102*t**2 + 2093*t + 106818. What is i(-51)?
75
Let u(v) = -3*v**2 - 347*v + 84819. Give u(120).
-21
Let w(m) = m**3 + 33*m**2 - 3442*m - 105851. Give w(-30).
109
Let b(l) = -2066*l + 47673. Determine b(23).
155
Let t(l) = 2651*l + 835064. Calculate t(-315).
-1
Let l(c) = c**3 - 50*c**2 - 160*c + 201. Determine l(53).
148
Let k(x) = 4*x**2 + 1447*x + 2876. Determine k(-2).
-2
Let g(c) = 2*c**2 - 368698*c - 2212260. Give g(-6).
0
Let v(c) = 13430*c - 443187. Determine v(33).
3
Let h(v) = 1028*v - 29764. Determine h(29).
48
Let c(b) = 203*b**3 - 2*b**2 - 1003*b - 2007. What is c(-2)?
-1633
Let f(j) = -j**2 - 1635*j - 80773. Calculate f(-51).
11
Let b(t) = t**3 + 129*t**2 + 380*t + 236. Calculate b(-126).
-16
Let w(c) = c**2 + 5212*c - 4850505. Calculate w(806).
3
Let r(q) = -19*q**3 - 133*q**2 - 15*q - 67. Determine r(-7).
38
Let z(s) = 14364*s - 14358. What is z(1)?
6
Let f(q) = q**3 - 64*q**2 + 848*q - 2059. What is f(14)?
13
Let g(l) = 2*l**